eatest common factor of 437 and 20463?
19
What is the greatest common divisor of 861639 and 1713?
1713
Calculate the highest common divisor of 40516 and 4844.
28
Calculate the greatest common divisor of 295175 and 875.
25
Calculate the highest common divisor of 10062 and 27.
9
What is the greatest common divisor of 6129 and 2673?
27
Calculate the highest common divisor of 30 and 13250.
10
Calculate the highest common divisor of 54558 and 84.
42
What is the highest common divisor of 236 and 31565?
59
What is the greatest common factor of 540325 and 10?
5
What is the highest common factor of 97 and 77697?
97
What is the highest common factor of 34 and 2276606?
34
What is the greatest common factor of 190 and 36746?
38
Calculate the greatest common divisor of 204126 and 104.
26
Calculate the highest common divisor of 300497 and 1.
1
What is the highest common factor of 18 and 808281?
9
Calculate the greatest common factor of 9 and 6691941.
9
What is the greatest common divisor of 7362 and 1386?
18
Calculate the greatest common divisor of 27 and 43443.
27
Calculate the greatest common factor of 2174338 and 655.
131
Calculate the highest common divisor of 1809 and 1273.
67
Calculate the highest common divisor of 102 and 5882.
34
What is the highest common factor of 101268 and 776?
388
Calculate the greatest common divisor of 812 and 2415497.
203
Calculate the highest common factor of 372 and 147.
3
What is the highest common divisor of 1780 and 75205?
445
Calculate the highest common factor of 11 and 257.
1
What is the highest common divisor of 8697 and 117?
39
Calculate the greatest common factor of 1626873 and 717.
717
Calculate the greatest common factor of 62935 and 1845.
205
What is the highest common factor of 2198 and 224?
14
Calculate the highest common factor of 176 and 335632.
176
Calculate the greatest common factor of 80 and 17470.
10
Calculate the greatest common divisor of 748827 and 9.
9
Calculate the greatest common divisor of 2678 and 7150.
26
What is the greatest common divisor of 7993502 and 1943?
1943
What is the greatest common divisor of 434403 and 558?
279
Calculate the greatest common factor of 107543 and 1247.
43
Calculate the highest common factor of 7018 and 334950.
638
What is the greatest common factor of 25 and 6005?
5
Calculate the greatest common divisor of 34 and 193820.
2
Calculate the greatest common factor of 48 and 1845456.
48
What is the highest common factor of 5989 and 1469?
113
What is the greatest common factor of 15689 and 377?
29
Calculate the greatest common factor of 216 and 26802.
18
What is the greatest common factor of 136 and 51464?
8
What is the highest common factor of 1546461 and 27?
9
What is the greatest common divisor of 4433 and 3?
1
Calculate the greatest common divisor of 14 and 11570.
2
Calculate the greatest common factor of 60272 and 48.
16
Calculate the greatest common divisor of 1907886 and 758.
758
What is the greatest common divisor of 120 and 4733580?
60
What is the highest common factor of 369 and 63304?
41
What is the highest common divisor of 841677 and 1884?
471
Calculate the highest common factor of 38241 and 1071.
63
What is the highest common factor of 9850 and 182816?
394
What is the highest common factor of 8307 and 182?
13
What is the greatest common divisor of 46988 and 204?
68
What is the highest common divisor of 12750 and 70890?
510
What is the highest common divisor of 1987704 and 32?
8
What is the highest common factor of 15597 and 315?
9
What is the highest common factor of 152130 and 90?
30
Calculate the greatest common divisor of 47532 and 24.
12
What is the greatest common divisor of 22628 and 8?
4
What is the highest common factor of 4074 and 1806?
42
Calculate the highest common divisor of 83123 and 101.
101
What is the highest common factor of 22116 and 29868?
228
What is the greatest common divisor of 852231 and 183?
183
Calculate the greatest common divisor of 86442 and 30.
6
What is the greatest common factor of 7440000 and 625?
625
What is the highest common divisor of 3234 and 65856?
294
Calculate the highest common factor of 987910 and 42.
14
What is the highest common divisor of 2835 and 91?
7
Calculate the highest common divisor of 703 and 7828.
19
What is the highest common factor of 1268 and 236?
4
What is the greatest common divisor of 365 and 1070?
5
What is the greatest common factor of 4680 and 11635?
65
Calculate the highest common factor of 1197 and 36081.
171
What is the greatest common divisor of 5140 and 430?
10
Calculate the highest common factor of 348 and 272252.
116
Calculate the greatest common factor of 288 and 583008.
96
Calculate the greatest common divisor of 57075 and 60.
15
Calculate the greatest common divisor of 95 and 508877.
19
Calculate the highest common factor of 118137 and 159.
159
Calculate the highest common factor of 11122 and 16750.
134
What is the greatest common divisor of 749534 and 29?
29
What is the highest common factor of 198770 and 22?
22
What is the highest common factor of 14196 and 3003?
273
What is the greatest common divisor of 896862 and 69?
69
What is the highest common divisor of 1970 and 286438?
394
What is the highest common divisor of 126 and 23382?
18
What is the highest common factor of 60 and 365010?
30
Calculate the highest common factor of 253 and 1268910.
23
What is the highest common factor of 99 and 7755099?
33
What is the highest common factor of 138199 and 113?
113
Calculate the highest common divisor of 36 and 23610.
6
Calculate the greatest common factor of 4288 and 2412.
268
What is the highest common divisor of 632556 and 126?
18
What is the highest common factor of 38216 and 408?
136
Calculate the greatest common divisor of 13667178 and 21.
21
What is the highest common divisor of 976 and 1040?
16
What is the highest common factor of 1214109 and 27?
27
What is the greatest common factor of 131870 and 10?
10
What is the highest common divisor of 83123 and 2323?
101
Calculate the greatest common divisor of 620 and 266290.
310
What is the highest common divisor of 4410 and 14350?
70
What is the greatest common divisor of 252656 and 200?
8
What is the greatest common factor of 13172 and 21093?
89
Calculate the highest common divisor of 1096 and 273589.
137
Calculate the greatest common factor of 48449 and 1.
1
What is the greatest common factor of 1109690 and 6?
2
Calculate the greatest common divisor of 2815584 and 1899.
633
Calculate the highest common factor of 95 and 1805.
95
What is the highest common divisor of 2914986 and 6?
6
Calculate the greatest common divisor of 324 and 2349162.
162
Calculate the highest common factor of 451531 and 199.
199
What is the highest common factor of 14874 and 10452?
402
Calculate the greatest common divisor of 280707 and 84.
21
Calculate the greatest common factor of 188 and 52781.
47
What is the greatest common factor of 2670 and 150?
30
Calculate the greatest common factor of 12 and 61182.
6
Calculate the highest common factor of 168 and 670936.
56
Calculate the highest common factor of 63 and 4263.
21
What is the greatest common divisor of 785148 and 1911?
273
Calculate the highest common divisor of 192 and 57504.
96
What is the highest common factor of 120 and 35590?
10
Calculate the greatest common factor of 5 and 3865.
5
What is the greatest common factor of 740 and 37370?
370
What is the highest common factor of 79840 and 128?
32
Calculate the greatest common divisor of 119987 and 47489.
281
Calculate the greatest common divisor of 1045 and 5885.
55
Calculate the highest common factor of 752 and 19472.
16
What is the highest common factor of 1178 and 67735?
589
Calculate the greatest common divisor of 248 and 1592.
8
Calculate the highest common divisor of 108 and 388884.
12
Calculate the highest common factor of 3599 and 9912.
59
What is the highest common factor of 452 and 85767?
113
What is the greatest common factor of 42546 and 168?
42
Calculate the greatest common divisor of 3850 and 3374.
14
What is the greatest common factor of 1611 and 2988?
9
Calculate the greatest common factor of 2580 and 934734.
258
What is the greatest common factor of 14 and 1939?
7
What is the highest common divisor of 611 and 767?
13
What is the greatest 